s the tens digit of 5117921?
2
What is the hundred thousands digit of 1236453?
2
What is the hundred thousands digit of 234142?
2
What is the thousands digit of 41771?
1
What is the ten thousands digit of 7695457?
9
What is the hundred thousands digit of 550463?
5
What is the hundreds digit of 692060?
0
What is the thousands digit of 693505?
3
What is the thousands digit of 30248581?
8
What is the hundreds digit of 2801818?
8
What is the units digit of 708281?
1
What is the units digit of 532477?
7
What is the thousands digit of 867415?
7
What is the hundreds digit of 2724166?
1
What is the hundreds digit of 6529773?
7
What is the ten thousands digit of 59706?
5
What is the units digit of 3879526?
6
What is the hundreds digit of 159513?
5
What is the hundreds digit of 2820484?
4
What is the hundreds digit of 2891732?
7
What is the ten thousands digit of 538120?
3
What is the hundreds digit of 2372251?
2
What is the hundred thousands digit of 115971?
1
What is the tens digit of 13508970?
7
What is the hundred thousands digit of 1241389?
2
What is the thousands digit of 6730245?
0
What is the ten thousands digit of 2313868?
1
What is the units digit of 39429?
9
What is the tens digit of 15330939?
3
What is the units digit of 417180?
0
What is the tens digit of 18380630?
3
What is the millions digit of 26143319?
6
What is the millions digit of 3321317?
3
What is the units digit of 930408?
8
What is the hundred thousands digit of 855687?
8
What is the hundred thousands digit of 665076?
6
What is the units digit of 6785565?
5
What is the ten thousands digit of 94809?
9
What is the units digit of 2916639?
9
What is the thousands digit of 910628?
0
What is the hundred thousands digit of 348595?
3
What is the hundreds digit of 1581070?
0
What is the thousands digit of 4136263?
6
What is the units digit of 419351?
1
What is the units digit of 166306?
6
What is the ten thousands digit of 2681180?
8
What is the units digit of 11472005?
5
What is the hundred thousands digit of 360341?
3
What is the ten thousands digit of 10577244?
7
What is the tens digit of 1996592?
9
What is the hundred thousands digit of 8323370?
3
What is the hundred thousands digit of 12719455?
7
What is the millions digit of 4962619?
4
What is the hundred thousands digit of 5073261?
0
What is the millions digit of 21696748?
1
What is the hundreds digit of 380748?
7
What is the hundred thousands digit of 5213424?
2
What is the millions digit of 15081060?
5
What is the hundreds digit of 6432813?
8
What is the ten thousands digit of 7171445?
7
What is the hundred thousands digit of 256172?
2
What is the thousands digit of 20873910?
3
What is the tens digit of 6633011?
1
What is the hundred thousands digit of 390435?
3
What is the thousands digit of 5486290?
6
What is the hundreds digit of 24672?
6
What is the ten thousands digit of 1282012?
8
What is the tens digit of 4314313?
1
What is the hundred thousands digit of 758092?
7
What is the tens digit of 27937294?
9
What is the hundred thousands digit of 5578367?
5
What is the thousands digit of 409828?
9
What is the hundred thousands digit of 33260159?
2
What is the units digit of 55233?
3
What is the thousands digit of 2162134?
2
What is the thousands digit of 541293?
1
What is the units digit of 255395?
5
What is the thousands digit of 1044158?
4
What is the units digit of 129529?
9
What is the hundreds digit of 761141?
1
What is the ten thousands digit of 105061?
0
What is the millions digit of 13639389?
3
What is the tens digit of 248190?
9
What is the ten thousands digit of 59476?
5
What is the thousands digit of 5613521?
3
What is the tens digit of 458042?
4
What is the ten millions digit of 26474329?
2
What is the hundreds digit of 484606?
6
What is the thousands digit of 247448?
7
What is the tens digit of 160473?
7
What is the thousands digit of 676328?
6
What is the hundred thousands digit of 209609?
2
What is the units digit of 148149?
9
What is the hundreds digit of 358818?
8
What is the units digit of 77806?
6
What is the hundreds digit of 486874?
8
What is the tens digit of 11762290?
9
What is the hundreds digit of 519443?
4
What is the tens digit of 873760?
6
What is the hundreds digit of 4020151?
1
What is the units digit of 1755510?
0
What is the units digit of 52378?
8
What is the millions digit of 19433232?
9
What is the thousands digit of 397670?
7
What is the thousands digit of 3777860?
7
What is the millions digit of 2634915?
2
What is the hundreds digit of 1064120?
1
What is the hundred thousands digit of 2083042?
0
What is the hundred thousands digit of 2872025?
8
What is the ten thousands digit of 772029?
7
What is the ten thousands digit of 349311?
4
What is the hundreds digit of 262565?
5
What is the hundred thousands digit of 197719?
1
What is the hundreds digit of 622600?
6
What is the units digit of 298951?
1
What is the hundreds digit of 121420?
4
What is the ten thousands digit of 619725?
1
What is the hundreds digit of 1610552?
5
What is the hundred thousands digit of 35541030?
5
What is the units digit of 196447?
7
What is the units digit of 436217?
7
What is the units digit of 824513?
3
What is the tens digit of 460358?
5
What is the ten millions digit of 24610786?
2
What is the ten thousands digit of 1189038?
8
What is the thousands digit of 25456708?
6
What is the hundred thousands digit of 3614659?
6
What is the units digit of 226061?
1
What is the thousands digit of 1832110?
2
What is the units digit of 284445?
5
What is the thousands digit of 5353878?
3
What is the millions digit of 10911287?
0
What is the ten thousands digit of 414083?
1
What is the hundred thousands digit of 5534576?
5
What is the tens digit of 12517930?
3
What is the tens digit of 3176762?
6
What is the units digit of 3165200?
0
What is the millions digit of 5797290?
5
What is the hundred thousands digit of 2009484?
0
What is the ten thousands digit of 78615?
7
What is the hundreds digit of 12213368?
3
What is the hundred thousands digit of 25731654?
7
What is the units digit of 106787?
7
What is the ten thousands digit of 6058917?
5
What is the millions digit of 5902165?
5
What is the ten thousands digit of 61635?
6
What is the thousands digit of 1653435?
3
What is the hundred thousands digit of 4260999?
2
What is the hundreds digit of 1899971?
9
What is the hundreds digit of 2580564?
5
What is the hundred thousands digit of 223330?
2
What is the hundreds digit of 291268?
2
What is the units digit of 217291?
1
What is the units digit of 651936?
6
What is the thousands digit of 26284?
6
What is the ten thousands digit of 492788?
9
What is the units digit of 1847913?
3
What is the units digit of 1486370?
0
What is the millions digit of 9522577?
9
What is the millions digit of 1149615?
1
What is the ten thousands digit of 33661491?
6
What is the tens digit of 11557869?
6
What is the hundreds digit of 1035781?
7
What is the hundred thousands digit of 17860541?
8
What is the hundreds digit of 171863?
8
What is the thousands digit of 4553738?
3
What is the hundreds digit of 492351?
3
What is the hundreds digit of 503328?
3
What is the hundreds digit of 1949568?
5
What is the hundreds digit of 1303298?
2
What is the tens digit of 1437749?
4
What is the thousands digit of 7903?
7
What is the tens digit of 322038?
3
What is the thousands digit of 2090764?
0
What is the hundred thousands digit of 4140930?
1
What is the thousands digit of 899616?
9
What is the ten thousands digit of 484620?
8
What is the tens digit of 861426?
2
What is the millions digit of 10119682?
0
What is the hundred thousands digit of 127838?
1
What is the hundred thousands digit of 200170?
2
What is the units digit of 6363020?
0
What is the millions digit of 4802144?
4
What is the millions digit of 1465525?
1
What is the hundreds digit of 1524501?
5
What is the hundred thousands digit of 1417724?
4
What is the ten thousands digit of 2345902?
4
What is the tens digit of 46251?
5
What is the units digit of 247072?
2
What is the tens digit of 2536289?
8
What is the units digit of 8699090?
0
What is the units digit of 26659?
9
What is the tens digit of 887876?
7
What is the tens digit of 1259428?
2
What is the ten thousands digit of 1622522?
2
What is the hundred